-4796993 + -5?
-4796998
In base 7, what is 213 - -105105?
105321
In base 7, what is -3305 + -63623?
-100231
In base 16, what is -2d4 + -463b?
-490f
In base 3, what is 100120222211202 + -2?
100120222211200
In base 4, what is 11 + 2331303232?
2331303303
In base 12, what is -89023 - 2a?
-89051
In base 10, what is 246 + -3700?
-3454
In base 2, what is 1111000111000001011101 - -100?
1111000111000001100001
In base 8, what is -163202054 - 3?
-163202057
In base 4, what is 1013103033 + -113213?
1012323220
In base 13, what is -15 - a4246?
-a425b
In base 2, what is -11101101111000110000011111001 + -1?
-11101101111000110000011111010
In base 4, what is 122301 - 131103?
-2202
In base 16, what is ba + -581d?
-5763
In base 2, what is 1100011 - -101101001011111101110?
101101001100001010001
In base 3, what is 2012001211012 - 2?
2012001211010
In base 15, what is 1646b62 + b?
1646b6d
In base 12, what is -32072241 + 1?
-32072240
In base 16, what is -18ee145 - -5?
-18ee140
In base 8, what is -47154 + -50270?
-117444
In base 12, what is 2aaa834 + -5?
2aaa82b
In base 6, what is -43450131 + -142?
-43450313
In base 6, what is -5 + -514200123?
-514200132
In base 6, what is -222205 - -3110?
-215055
In base 13, what is 1608c8 + -68?
160860
In base 4, what is 110111030 + -10101?
110100323
In base 10, what is -27 + 28009740?
28009713
In base 16, what is -40 + -718ad?
-718ed
In base 3, what is -120021 - -1222000112022?
1221222222001
In base 2, what is -1100010010111000011 - -10?
-1100010010111000001
In base 11, what is 3 + -15445a33?
-15445a30
In base 14, what is 12dbc + -91?
12d2b
In base 5, what is 1012211 + -10223?
1001433
In base 15, what is 1a182 - -7a?
1a20c
In base 15, what is -25bcb - -9?
-25bc2
In base 8, what is -1017207 + -41?
-1017250
In base 14, what is -15ba794 + -16?
-15ba7aa
In base 13, what is -aa45 - 1402?
-c147
In base 4, what is 332231302 - -22?
332231330
In base 11, what is 4423a769 + 5?
4423a773
In base 2, what is 11 - 111010001110001100101010?
-111010001110001100100111
In base 12, what is -4a - 91525?
-91573
In base 10, what is -30090 + 206?
-29884
In base 2, what is -10011100101111010110111011111 - 10?
-10011100101111010110111100001
In base 12, what is 6890461 + 5?
6890466
In base 15, what is 104 - 15504?
-15400
In base 11, what is -23586 - -3947?
-1a73a
In base 7, what is 134243 - -346?
134622
In base 15, what is 4d5 + -127bd?
-122d8
In base 4, what is 1112131 + -3023033?
-1310302
In base 11, what is 7a05a9 + -3?
7a05a6
In base 4, what is 1310212233103 + -11?
1310212233032
In base 11, what is 6567 - 1113?
5454
In base 5, what is -111333 + 24241142?
24124304
In base 5, what is 333411 - -112322?
1001233
In base 6, what is 13 + 20042540?
20042553
In base 6, what is -4433300 + -341?
-4434041
In base 2, what is -100100100011100110011 - 10001?
-100100100011101000100
In base 11, what is -11 - 1768a344?
-1768a355
In base 3, what is 11 + 112201010002211?
112201010002222
In base 4, what is 323 - 1213100003?
-1213033020
In base 10, what is 1960728 + -8?
1960720
In base 4, what is -11 + 1300020201233?
1300020201222
In base 6, what is -3231130 + 2203?
-3224523
In base 13, what is 52048 - 175?
51ba3
In base 2, what is -110111 + 11000010100100?
11000001101101
In base 12, what is -97 - aa926?
-aaa01
In base 7, what is -655 - 153264?
-154252
In base 9, what is 61847211 + 4?
61847215
In base 2, what is 10001000 + -100011011110011101?
-100011011100010101
In base 15, what is -a + -30ec42?
-30ec4c
In base 16, what is -1b23191 + 3?
-1b2318e
In base 13, what is -25500b - -b8?
-254c23
In base 9, what is 5320701 + 0?
5320701
In base 10, what is -75605278 + -5?
-75605283
In base 10, what is -103580 + -23?
-103603
In base 8, what is 102262 - 224?
102036
In base 5, what is -143230 + -123431?
-322211
In base 6, what is -145 - -5103122?
5102533
In base 11, what is -136 + -65116?
-65251
In base 11, what is -3 - -16831011?
16831009
In base 14, what is -1a9d17 + -d?
-1a9d26
In base 5, what is -3 - 1442012241?
-1442012244
In base 11, what is 16a2 + -9591?
-799a
In base 8, what is -15 + 461771?
461754
In base 10, what is 82342 + -78?
82264
In base 13, what is 5 - 6c7b35?
-6c7b30
In base 14, what is -ac54713 + 2?
-ac54711
In base 15, what is 59 + 66056?
660b0
In base 11, what is -38a2 - -2a902?
27010
In base 15, what is cc3 - -52e5e?
53c32
In base 11, what is 408839 - 133?
408706
In base 13, what is -83ac2c - -1?
-83ac2b
In base 13, what is 7 - -3031445?
303144c
In base 14, what is 571c42 + -4?
571c3c
In base 2, what is -10001111011000110010 - 111?
-10001111011000111001
In base 14, what is dbb947 - 5?
dbb942
In base 3, what is -22111 + 2100022102?
2022222221
In base 4, what is 311312011123 - 2?
311312011121
In base 12, what is 5 - 44b1108?
-44b1103
In base 10, what is 257749 - 208?
257541
In base 15, what is -e2aa7 + 1a?
-e2a8c
In base 10, what is 24768645 + -3?
24768642
In base 16, what is a + -2296cb?
-2296c1
In base 10, what is -1952995 - 4?
-1952999
In base 4, what is 2031221 + -13212003?
-11120122
In base 3, what is 12 + -20000221012220202?
-20000221012220120
In base 6, what is 53300 + -55425?
-2125
In base 4, what is 22 - 110301021111?
-110301021023
In base 4, what is -1111 + -32102002310?
-32102010021
In base 5, what is -130 + 11242234?
11242104
In base 12, what is -22 - -10b130?
10b10a
In base 7, what is -3554 + -1421350?
-1425234
In base 11, what is -298457 - -46?
-298411
In base 5, what is 212101 - 143111?
13440
In base 4, what is -13320112 - 11300101?
-31220213
In base 6, what is 12 - -211224300?
211224312
In base 14, what is -1826c - cbd?
-1914b
In base 13, what is -5 + 1a1c56a?
1a1c565
In base 15, what is 4 + 3ab78e6?
3ab78ea
In base 15, what is -d8 + 224cd5?
224bec
In base 8, what is -3 - -1013511?
1013506
In base 14, what is 3830ccb1 - -3?
3830ccb4
In base 3, what is 1021000 - 2020021?
-222021
In base 4, what is 2201310 + -2100331?
100313
In base 14, what is -14859c2c + -3?
-14859c31
In base 16, what is -1796973 - -5?
-179696e
In base 6, what is 14 + 3210500?
3210514
In base 12, what is 10 - a58b1?
-a58a1
In base 16, what is -5a - -5046e?
50414
In base 5, what is -31 + -2103342?
-2103423
In base 13, what is 0 + -117c4bc9?
-117c4bc9
In base 4, what is -3103033120 + -22?
-3103033202
In base 2, what is -101110110 + 1011101101101110?
1011100111111000
In base 3, what is -102120201212 + -2111?
-102120211100
In base 11, what is -3203850 - -4?
-3203847
In base 13, what is -b0c87a + 13?
-b0c867
In base 7, what is -364 + 615161?
614464
In base 8, what is -10334124564 + -5?
-10334124571
In base 7, what is 1006513650 + 1?
1006513651
In base 13, what is 1 - -71ab3?
71ab4
In base 6, what is -401234152100 + 1?
-401234152055
In base 13, what is -a79a19 - 20?
-a79a39
In base 14, what is -4b + 30b58?
30b0b
In base 15, what is -3 - 343703b?
-343703e
In base 8, what is 305532157 - 0?
305532157
In base 4, what is 1201 - 120121131?
-120113330
In base 5, what is 11130140 + -1210?
11123430
In base 2, what is -1 + 10101001001010010101001?
10101001001010010101000
In base 5, what is -4 - 33344041?
-33344100
In base 12, what is -19b73 + 501?
-19672
In base 7, what is 5 + 54622501?
54622506
In base 12, what is -97 + 22114?
22039
In base 15, what is 1b7 - -7315?
74cc
In base 7, what is 12 - 42466031?
-42466016
In base 13, what is a0c86c + 42?
a0c8b1
In base 14, what is 21 + -9bd6?
-9bb5
In base 13, what is 6 + -7a7973?
-7a796a
In base 11, what is -11a89 - 5974?
-17952
In base 5, what is -24404 - 10112000?
-10141404
In base 7, what is -44 + 350223?
350146
In base 3, what is 12 - 21002012211222?
-21002012211210
In base 4, what is 312 + -332120122?
-332113210
In base 9, what is 40850 - 11012?
28837
In base 8, what is 1260542445 - -1?
1260542446
In base 12, what is -2a75a - -1222?
-29538
In base 13, what is -c17 - 649c7?
-65911
In base 13, what is -8559 + 286?
-82a3
In base 16, what is aa6 - 47958?
-46eb2
In base 5, what is -441 - 133103242?
-133104233
In base 4, what is 1 + 112330001?
112330002
In base 3, what is 0 + 110010220112020222?
110010220112020222
In base 14, what is -1d1b28 - 1d4?
-1d1d1c
In base 13, what is -80a - 4bc9?
-5706
In base 11, what is -8288 + 14910?
7633
In base 16, what is -46 - -ef06?
eec0
In base 11, what is -2 - 47449a?
-4744a1
In base 11, what is -50a50 + 56?
-509a5
In bas